{"id":808,"date":"2022-09-29T01:35:06","date_gmt":"2022-09-28T22:35:06","guid":{"rendered":"https:\/\/tokyap.com\/?page_id=808"},"modified":"2022-11-15T12:45:34","modified_gmt":"2022-11-15T09:45:34","slug":"referanslar","status":"publish","type":"page","link":"https:\/\/tokyap.com\/index.php\/referanslar\/","title":{"rendered":"Referanslar"},"content":{"rendered":"<div id=\"pl-808\"  class=\"panel-layout\" ><div id=\"pg-808-0\"  class=\"panel-grid panel-no-style\" ><div id=\"pgc-808-0-0\"  class=\"panel-grid-cell\" ><div id=\"panel-808-0-0-0\" class=\"so-panel widget widget_text panel-first-child panel-last-child\" data-index=\"0\" ><div class=\"flash_inherit_color panel-widget-style panel-widget-style-for-808-0-0-0\" >\t\t\t<div class=\"textwidget\"><p class=\"p1\"><span class=\"s1\"><b>REFERANS PROJELER\u0130M\u0130Z:<\/b><\/span><\/p>\n<p class=\"p1\"><span class=\"s1\">TAKS\u0130M MEYDAN- KALYON \u0130N\u015eAAT<\/span><\/p>\n<p class=\"p1\"><span class=\"s1\">\u0130STANBUL TEKN\u0130K \u00dcN\u0130VERS\u0130TES\u0130<\/span><\/p>\n<p class=\"p1\"><span class=\"s1\">KANYON AVM<\/span><\/p>\n<p class=\"p1\"><span class=\"s1\">EURASIA LUXURY HOTEL KAVACIK<\/span><\/p>\n<p class=\"p1\"><span class=\"s1\">SHERATON OTEL ANKARA<\/span><\/p>\n<p class=\"p1\"><span class=\"s1\">BY OTEL KOZYATA\u011eI<\/span><\/p>\n<p class=\"p1\"><span class=\"s1\">ASTOR\u0130A AVM-ASTA\u015e<\/span><\/p>\n<p class=\"p1\"><span class=\"s1\">PLATO MESLEK Y\u00dcKSEKOKULU<\/span><\/p>\n<p class=\"p1\"><span class=\"s1\">V\u0130APORT CROWNE PLAZA KURTK\u00d6Y<\/span><\/p>\n<p class=\"p1\"><span class=\"s1\">\u00a0MA\u00c7KA ARMAN\u0130 RES\u0130DENCE-ASTA\u015e<\/span><\/p>\n<p class=\"p1\"><span class=\"s1\">KASTAMONU \u015eENAY KALIP V\u0130LLA \u0130N\u015eAAT<\/span><\/p>\n<p class=\"p1\"><span class=\"s1\">PARKL\u0130FE-C\u0130HAN \u0130N\u015eAAT<\/span><\/p>\n<p class=\"p1\"><span class=\"s1\">MAC ATHLET\u0130C CLUP BEBEK\u00d6Y<\/span><\/p>\n<p class=\"p1\"><span class=\"s1\">\u00a0KARAELMAS \u00dcN\u0130VERS\u0130TES\u0130 ZONGULDAK<\/span><\/p>\n<p class=\"p1\"><span class=\"s1\">D\u0130VAN OTEL \u2013 MAR YAPI<\/span><\/p>\n<p class=\"p1\"><span class=\"s1\">DO\u011eU\u015e HOLD\u0130NG MERKEZ B\u0130NASI-REFORM DO\u011eALTA\u015e<\/span><\/p>\n<p class=\"p1\"><span class=\"s1\">OKAN TEKST\u0130L MERKEZ B\u0130NASI<\/span><\/p>\n<p class=\"p1\"><span class=\"s1\">STAR TV BALAT ST\u00dcDYOSU<\/span><\/p>\n<p class=\"p1\"><span class=\"s1\">ALKENT2000 V\u0130LLALARI<\/span><\/p>\n<p class=\"p1\"><span class=\"s1\">VATAN CADDES\u0130 EMN\u0130YET B\u0130NASI-KALYON \u0130N\u015eAAT<\/span><\/p>\n<p class=\"p1\"><span class=\"s1\">PEL\u0130CAN MALL AVM-G\u00dcL \u0130N\u015eAAT<\/span><\/p>\n<p class=\"p1\"><span class=\"s1\">YAKUPLU YAT MAR\u0130NA-\u00d6NDER \u0130N\u015eAAT<\/span><\/p>\n<p class=\"p2\"><span class=\"s1\">TEKN\u0130K YAPI SHOWROOM B\u0130NASI<\/span><\/p>\n<p class=\"p1\"><span class=\"s1\">FORMULA V\u0130LLALARI-C\u0130HAN \u0130N\u015eAAT<\/span><\/p>\n<p class=\"p1\"><span class=\"s1\">M\u0130GROS KEMERBURGAZ-YAPI KUR<\/span><\/p>\n<p class=\"p1\"><span class=\"s1\">ANTALYA L\u0130MANI- PEYART PEYZAJ<\/span><\/p>\n<p class=\"p1\"><span class=\"s1\">KANAL D YAPIM KEMERBURGAZ<\/span><\/p>\n<p class=\"p1\"><span class=\"s1\">YILDIZ TEKN\u0130K \u00dcN\u0130VERS\u0130TES\u0130<\/span><\/p>\n<p class=\"p1\"><span class=\"s1\">W\u0130NDOWS PLAZA MASLAK<\/span><\/p>\n<p class=\"p1\"><span class=\"s1\">MERCEDES GEBZE FABR\u0130KASI<\/span><\/p>\n<p class=\"p1\"><span class=\"s1\">\u0130ZM\u0130R KONAK MERKEZ\u0130<\/span><\/p>\n<p class=\"p1\"><span class=\"s1\">KESK\u0130NO\u011eLU TAVUK\u00c7ULUK MAN\u0130SA<\/span><\/p>\n<p class=\"p1\"><span class=\"s1\">PANORAMA PLAZA MASLAK<\/span><\/p>\n<p class=\"p1\"><span class=\"s1\">BAKIRK\u00d6Y BELED\u0130YES\u0130-YILMAZER \u0130N\u015eAAT<\/span><\/p>\n<p class=\"p1\"><span class=\"s1\">ANKARA T\u0130CARET ODASI<\/span><\/p>\n<p class=\"p1\"><span class=\"s1\">KAND\u0130LL\u0130 CAFE \u2013ARTI GRUP<\/span><\/p>\n<p class=\"p1\"><span class=\"s1\">ADALAR BELED\u0130YES\u0130-\u0130NANLAR \u0130N\u015eAAT<\/span><\/p>\n<p class=\"p1\"><span class=\"s1\">MOLLA FENAR\u0130 K\u00dcT\u00dcPHANES\u0130 AT\u0130K-AKYAPI<\/span><\/p>\n<p class=\"p1\"><span class=\"s1\">\u00c7UBUKLU VAD\u0130 EVLER\u0130-F\u0130BA Y\u00dcKSEL \u0130N\u015eAAT<\/span><\/p>\n<p class=\"p1\"><span class=\"s1\">AKBATI AL\u0130\u015eVER\u0130\u015e MERKEZ\u0130<\/span><\/p>\n<p class=\"p1\"><span class=\"s1\">ZEYT\u0130NBURNU MEZARLI\u011eI-ANKA M\u0130MARLIK<\/span><\/p>\n<p class=\"p1\"><span class=\"s1\">OPET BENZ\u0130N \u0130STASYONU KAYSER\u0130-HAN YAPI<\/span><\/p>\n<p class=\"p1\"><span class=\"s1\">SAROT TERMAL DEVREM\u00dcLKLER\u0130 MUDURNU<\/span><\/p>\n<p class=\"p1\"><span class=\"s1\">MEHMET \u00c7OLAKO\u011eLU TEB BANKASI YALISI<\/span><\/p>\n<p class=\"p1\"><span class=\"s1\">KIRKLAREL\u0130 BELED\u0130YES\u0130 TREN GARI<\/span><\/p>\n<p class=\"p1\"><span class=\"s1\">DEFNE KONAKLAMA BEYKOZ<\/span><\/p>\n<p class=\"p1\"><span class=\"s1\">BE\u015e\u0130KTA\u015e BELED\u0130YES\u0130<\/span><\/p>\n<p class=\"p1\"><span class=\"s1\">NASYONEL GALER\u0130 BE\u015e\u0130KTA\u015e<\/span><\/p>\n<p class=\"p1\"><span class=\"s1\">ERTU\u011eRUL SA\u011eLAM V\u0130LLA LEVENT<\/span><\/p>\n<p class=\"p1\"><span class=\"s1\">H\u0130T\u0130T SERAM\u0130K DEPO KEMERBURGAZ<\/span><\/p>\n<p class=\"p1\"><span class=\"s1\">ASUMAN G\u00dcREL\u0130 V\u0130LLA LEVENT<\/span><\/p>\n<p class=\"p1\"><span class=\"s1\">OPET BENZ\u0130N \u0130STASYONU BALIKES\u0130R-HANYAPI<\/span><\/p>\n<p class=\"p1\"><span class=\"s1\">EY\u00dcP MEZARLI\u011eI-ANKA M\u0130MARLIK<\/span><\/p>\n<p class=\"p1\"><span class=\"s1\">FETH\u0130 EVYAP DARICA MAL\u0130KANELER\u0130<\/span><\/p>\n<p class=\"p1\"><span class=\"s1\">\u015e\u0130R\u0130N OTOMOT\u0130V KAVACIK<\/span><\/p>\n<p class=\"p1\"><span class=\"s1\">OPET BENZ\u0130N \u0130STASYONU TEK\u0130RDA\u011e-HANYAPI<\/span><\/p>\n<p class=\"p1\"><span class=\"s1\">TA\u015eYAPI ERENK\u00d6Y S\u0130TE<\/span><\/p>\n<p class=\"p1\"><span class=\"s1\">AYDAR BATIBEY\u0130 DA\u011e EV\u0130 \u0130ZN\u0130K<\/span><\/p>\n<p class=\"p1\"><span class=\"s1\">HEM YAPI MERKEZ B\u0130NASI LEVENT<\/span><\/p>\n<p class=\"p1\"><span class=\"s1\">HANIMEL\u0130 V\u0130LLALARI D\u0130D\u0130M<\/span><\/p>\n<p class=\"p1\"><span class=\"s1\">BESTM\u0130X YAPI K\u0130MYASALLARI TES\u0130S\u0130 \u00d6MERL\u0130<\/span><\/p>\n<p class=\"p1\"><span class=\"s1\">S\u00dcTA\u015e \u00c7\u0130FL\u0130\u011e\u0130 CUMHUR\u0130YETK\u00d6Y<\/span><\/p>\n<p class=\"p1\"><span class=\"s1\">BOYNER \u0130N\u015eAAT \u00dcMRAN\u0130YE<\/span><\/p>\n<p class=\"p1\"><span class=\"s1\">BAH\u00c7E\u015eEH\u0130R SPRADON KUZU GRUP<\/span><\/p>\n<p class=\"p1\"><span class=\"s1\">ATILIM \u00dcN\u0130VERS\u0130TES\u0130 ANKARA<\/span><\/p>\n<p class=\"p1\"><span class=\"s1\">KONYA DEVLET HASTANES\u0130<\/span><\/p>\n<p class=\"p1\"><span class=\"s1\">KELE\u015eO\u011eLU \u0130N\u015eAAT<\/span><\/p>\n<p class=\"p1\"><span class=\"s1\">G\u00d6L MAL\u0130KANELER\u0130<\/span><\/p>\n<p class=\"p1\"><span class=\"s1\">SEBA \u0130N\u015eAAT \u0130ST\u0130NYE<\/span><\/p>\n<p class=\"p1\"><span class=\"s1\">MED YAPIM F\u0130LM PLATOSU<\/span><\/p>\n<p class=\"p1\"><span class=\"s1\">BELUGA V\u0130LLALARI BODRUM<\/span><\/p>\n<p class=\"p1\"><span class=\"s1\">\u00dc\u00c7EL KONAKLARI KEMERBURGAZ<\/span><\/p>\n<p class=\"p1\"><span class=\"s1\">OPET BENZ\u0130N \u0130STASYONU KARTAL-HANYAPI<\/span><\/p>\n<p class=\"p1\"><span class=\"s1\">\u00a0BORUSAN LOJ\u0130ST\u0130K GEML\u0130K<\/span><\/p>\n<p class=\"p1\"><span class=\"s1\">BEYKOZ MES\u0130RE ALANI<\/span><\/p>\n<p class=\"p1\"><span class=\"s1\">I\u015eIKLAR V\u0130LLALARI \u0130NCEK<\/span><\/p>\n<p class=\"p1\"><span class=\"s1\">TEPEKENT V\u0130LLALARI \u00c7ATALCA<\/span><\/p>\n<p class=\"p1\"><span class=\"s1\">ERSAN ASANS\u00d6R \u015eER\u0130FAL\u0130<\/span><\/p>\n<p class=\"p1\"><span class=\"s1\">KALE OTEL A\u011eVA<\/span><\/p>\n<p class=\"p1\"><span class=\"s1\">ELMADA\u011e KAYAK MERKEZ\u0130<\/span><\/p>\n<p class=\"p1\"><span class=\"s1\">KAYSER\u0130 TA\u015e D\u00dcNYASI<\/span><\/p>\n<\/div>\n\t\t<\/div><\/div><\/div><div id=\"pgc-808-0-1\"  class=\"panel-grid-cell\" ><div id=\"panel-808-0-1-0\" class=\"so-panel widget widget_text panel-first-child\" data-index=\"1\" >\t\t\t<div class=\"textwidget\"><p class=\"p1\"><span class=\"s1\">MASHATTAN PROJES\u0130 \u2013\u00a0<b>TA\u015eYAPI<\/b><\/span><\/p>\n<p class=\"p1\"><span class=\"s1\">EL\u0130T YA\u015eAM KONAKLARI \u2013\u00a0<b>DELMAR YAPI<\/b><\/span><\/p>\n<p class=\"p1\"><span class=\"s1\">\u00c7AM KOZA RESIDENCE \u2013\u00a0<b>EKG\u00dcR YAPI<\/b><\/span><\/p>\n<p class=\"p1\"><span class=\"s1\">ALACAATLI KONAKLARI \u2013\u00a0<b>ANKARA ALACAATLI KOOP.<\/b><\/span><\/p>\n<p class=\"p1\"><span class=\"s1\">MERTER PARK EVLER\u0130 \u2013\u00a0<b>MUTLU \u0130N\u015eAAT<\/b><\/span><\/p>\n<p class=\"p1\"><span class=\"s1\">LEVENT LOFT2 \u2013\u00a0<b>\u00d6ZKA, YAPI \u00c7\u00d6Z\u00dcMLER\u0130<\/b><\/span><\/p>\n<p class=\"p1\"><span class=\"s1\">ULUS TRT \u0130LAVE B\u0130NASI \u2013\u00a0<b>DO\u011eUSAN DEM\u0130R<\/b><\/span><\/p>\n<p class=\"p1\"><span class=\"s1\">DOYGUN EKMEK FABR\u0130KASI \u2013\u00a0<b>BEYL\u0130KD\u00dcZ\u00dc ASG<\/b><\/span><\/p>\n<p class=\"p1\"><span class=\"s1\">MUYA TERL\u0130K FABR\u0130KASI \u2013\u00a0<b>KIRA\u00c7 ASG<\/b><\/span><\/p>\n<p class=\"p1\"><span class=\"s1\">CORNER TOWN &#8211;\u00a0<b>KOYT\u00dcR \u0130N\u015eAAT<\/b><\/span><\/p>\n<p class=\"p1\"><span class=\"s1\">TUZLA KONAKLARI \u2013\u00a0<b>ANE YAPI<\/b><\/span><\/p>\n<p class=\"p1\"><span class=\"s1\">\u00c7UBUKLU VAD\u0130 KONAKLARI \u2013\u00a0<b>F\u0130BA Y\u00dcKSEL<\/b><\/span><\/p>\n<p class=\"p1\"><span class=\"s1\">VODAFONE B\u0130NASI \u2013\u00a0<b>ADAY\u00d6N M\u0130MARLIK<\/b><\/span><\/p>\n<p class=\"p1\"><span class=\"s1\">\u00c7AMKOZA RESIDENCE \u2013\u00a0<b>EKG\u00dcR YAPI<\/b><\/span><\/p>\n<p class=\"p1\"><span class=\"s1\">PELICAN MALL AVM \u2013\u00a0<b>G\u00dcL KELE\u015eO\u011eLU \u0130N\u015eAAT<\/b><\/span><\/p>\n<p class=\"p1\"><span class=\"s1\">ALLMONDHILL VILLALARI \u2013\u00a0<b>TA\u015eYAPI<\/b><\/span><\/p>\n<p class=\"p1\"><span class=\"s1\">FOUR SEASONS 7 YILDIZLI OTEL \u2013\u00a0<b>YAPI MERKEZ\u0130<\/b><\/span><\/p>\n<p class=\"p1\"><span class=\"s1\">TUNA BOYU EVLER\u0130 \u2013\u00a0<b>TUNA \u00c7EL\u0130K A.\u015e.<\/b><\/span><\/p>\n<p class=\"p1\"><span class=\"s1\">PELICAN HILL \u2013\u00a0<b>KKG GROUP<\/b><\/span><\/p>\n<p class=\"p1\"><span class=\"s1\">FLORA RESIDENCE \u2013\u00a0<b>ABKA IN\u015eAAT<\/b><\/span><\/p>\n<p class=\"p1\"><span class=\"s1\">KEMPINSKI RESIDENCE \u2013\u00a0<b>ASTA\u015e<\/b><\/span><\/p>\n<p class=\"p1\"><span class=\"s1\">AVRUPA MAHALLES\u0130 \u2013\u00a0<b>ANKARA \u0130N\u015eAAT<\/b><\/span><\/p>\n<p class=\"p1\"><span class=\"s1\">PANORA ALI\u015eVER\u0130\u015e MERKEZ\u0130 \u2013\u00a0<b>MERKEZ \u0130N\u015eAAT<\/b><\/span><\/p>\n<p class=\"p1\"><span class=\"s1\">BEYKOZ VADI KONAKLARI \u2013\u00a0<b>MERT IN\u015eAAT<\/b><\/span><\/p>\n<p class=\"p1\"><span class=\"s1\">SED\u0130R \u0130\u015e MERKEZ\u0130 \u2013\u00a0<b>SED\u0130R MOB\u0130LYA<\/b><\/span><\/p>\n<\/div>\n\t\t<\/div><div id=\"panel-808-0-1-1\" class=\"so-panel widget widget_text panel-last-child\" data-index=\"2\" >\t\t\t<div class=\"textwidget\"><p class=\"p1\"><span class=\"s1\">TOPLU KONUT &#8211;\u00a0<b>KUZU \u0130N\u015eAAT<\/b><\/span><\/p>\n<p class=\"p1\"><span class=\"s1\">ACAR \u0130STANBUL \u2013\u00a0<b>ACARLAR \u0130N\u015eAAT<\/b><\/span><\/p>\n<p class=\"p1\"><span class=\"s1\">MESA KEMERBURGAZ \u2013\u00a0<b>MESA MESKEN<\/b><\/span><\/p>\n<p class=\"p1\"><span class=\"s1\">KORU PARK PROJES\u0130 \u2013\u00a0<b>TORAY \u0130N\u015eAAT<\/b><\/span><\/p>\n<p class=\"p1\"><span class=\"s1\">ATAK\u00d6Y NOVUS \u2013\u00a0<b>TA\u015eYAPI \u0130N\u015eAAT<\/b><\/span><\/p>\n<p class=\"p1\"><span class=\"s1\">GINZA RESIDENCE \u2013\u00a0<b>KELE\u015eO\u011eLU \u0130N\u015eAAT<\/b><\/span><\/p>\n<p class=\"p1\"><span class=\"s1\">OST\u0130M FABR\u0130KA \u0130N\u015eAATI \u2013\u00a0<b>KAPLAN \u0130N\u015eAAT<\/b><\/span><\/p>\n<p class=\"p1\"><span class=\"s1\">\u00c7AMLICA KONAKLARI \u2013\u00a0<b>H\u0130\u015eET \u0130N\u015eAAT<\/b><\/span><\/p>\n<p class=\"p1\"><span class=\"s1\">G\u00d6KY\u00dcZ\u00dc RESIDENCE KEMERBURGAZ\u2013\u00a0<b>AR-KE \u0130N\u015eAAT<\/b><\/span><\/p>\n<p class=\"p1\"><span class=\"s1\">ESK\u0130\u015eEH\u0130R ESPARK \u2013\u00a0<b>MESA MESKEN A.\u015e.<\/b><\/span><\/p>\n<p class=\"p1\"><span class=\"s1\">\u00c7ANKAYA EL\u0130TPARK \u2013\u00a0<b>4M&amp;YT \u0130\u015e ORTAKLI\u011eI<\/b><\/span><\/p>\n<p class=\"p1\"><span class=\"s1\">UNIVERSAL BODRUM \u015eANT\u0130YES\u0130 \u2013\u00a0<b>AFM<\/b><\/span><\/p>\n<p class=\"p1\"><span class=\"s1\">METROPORT ALI\u015eVER\u0130\u015e MERKEZ\u0130 \u2013\u00a0<b>G\u00dcLKELE\u015eO\u011eLU<\/b><\/span><\/p>\n<p class=\"p1\"><span class=\"s1\">CITYS N\u0130\u015eANTA\u015eI \u2013\u00a0<b>G\u00dcLAYLAR<\/b><\/span><\/p>\n<p class=\"p1\"><span class=\"s1\">PARK TOWN, AKFIRAT \u2013\u00a0<b>C\u0130HAN \u0130N\u015eAAT<\/b><\/span><\/p>\n<p class=\"p1\"><span class=\"s1\">MERKEZ EFEND\u0130 EVLER\u0130 \u2013\u00a0<b>ALBAYRAK A.\u015e.<\/b><\/span><\/p>\n<p class=\"p1\"><span class=\"s1\">KENTPARK ALI\u015eVER\u0130S MERKEZ\u0130 \u2013\u00a0<b>MESA MESKEN A.\u015e.<\/b><\/span><\/p>\n<p class=\"p1\"><span class=\"s1\">D\u0130KMEN MESA EVLER\u0130 \u2013\u00a0<b>MESA MESKEN A.\u015e.<\/b><\/span><\/p>\n<p class=\"p1\"><span class=\"s1\">YE\u015e\u0130LK\u00d6Y G\u00dcL EVLER\u0130 \u2013\u00a0<b>AOG \u0130N\u015eAAT<\/b><\/span><\/p>\n<p class=\"p1\"><span class=\"s1\">\u00d6ZEL\u0130T YAPI KOOPERAT\u0130F\u0130 \u2013\u00a0<b>\u0130NCEK TULUMTA\u015e ANKARA<\/b><\/span><\/p>\n<p class=\"p1\"><span class=\"s1\">BURSA \u00c7OBANYILDIZI EVLER\u0130 4 \u2013\u00a0<b>\u00c7OBANO\u011eLU \u0130N\u015eAAT<\/b><\/span><\/p>\n<p class=\"p1\"><span class=\"s1\">YEN\u0130DO\u011eAN LIFE TOWERS \u2013\u00a0<b>YAZICI PROJE A.\u015e.<\/b><\/span><\/p>\n<p class=\"p1\"><span class=\"s1\">HADIMK\u00d6Y TOKI \u2013\u00a0<b>KOBALT \u0130N\u015eAAT<\/b><\/span><\/p>\n<p class=\"p1\"><span class=\"s1\">MU\u011eLA G\u00d6CEK TOPAZ KONUTLARI\u2013\u00a0<b>SAF\u0130R YAPI<\/b><\/span><\/p>\n<\/div>\n\t\t<\/div><\/div><\/div><\/div>","protected":false},"excerpt":{"rendered":"<p>REFERANS PROJELER\u0130M\u0130Z: TAKS\u0130M MEYDAN- KALYON \u0130N\u015eAAT \u0130STANBUL TEKN\u0130K \u00dcN\u0130VERS\u0130TES\u0130 KANYON AVM EURASIA LUXURY HOTEL KAVACIK SHERATON OTEL ANKARA BY OTEL [&hellip;]<\/p>\n","protected":false},"author":1,"featured_media":0,"parent":0,"menu_order":0,"comment_status":"closed","ping_status":"closed","template":"page-templates\/full-width.php","meta":{"footnotes":""},"class_list":["post-808","page","type-page","status-publish","hentry"],"_links":{"self":[{"href":"https:\/\/tokyap.com\/index.php\/wp-json\/wp\/v2\/pages\/808","targetHints":{"allow":["GET"]}}],"collection":[{"href":"https:\/\/tokyap.com\/index.php\/wp-json\/wp\/v2\/pages"}],"about":[{"href":"https:\/\/tokyap.com\/index.php\/wp-json\/wp\/v2\/types\/page"}],"author":[{"embeddable":true,"href":"https:\/\/tokyap.com\/index.php\/wp-json\/wp\/v2\/users\/1"}],"replies":[{"embeddable":true,"href":"https:\/\/tokyap.com\/index.php\/wp-json\/wp\/v2\/comments?post=808"}],"version-history":[{"count":4,"href":"https:\/\/tokyap.com\/index.php\/wp-json\/wp\/v2\/pages\/808\/revisions"}],"predecessor-version":[{"id":853,"href":"https:\/\/tokyap.com\/index.php\/wp-json\/wp\/v2\/pages\/808\/revisions\/853"}],"wp:attachment":[{"href":"https:\/\/tokyap.com\/index.php\/wp-json\/wp\/v2\/media?parent=808"}],"curies":[{"name":"wp","href":"https:\/\/api.w.org\/{rel}","templated":true}]}}